2 - 4, 0 = -f - 3*s - 6. What is the tens digit of q(f)?
1
Let k(b) = 88*b**2 + 2*b + 201. What is the ten thousands digit of k(-12)?
1
Let p(b) = -b**3 - 15*b**2 + b + 18. Let v be p(-15). Let t(r) = 2*r**2 - 2*r**2 + 2*r**3 + r**2 - 4*r**2 + 4*r. What is the tens digit of t(v)?
3
Suppose 7*h + 13128 = -8*h + 52623. What is the thousands digit of h?
2
Suppose t - 4*t = -4*t. Suppose -4*n = -h, t*n - 12 = -4*n. What is the units digit of ((68/h)/1)/((-2)/(-30))?
5
Let j(c) = -3*c**2 - 2*c + 45. Let i(t) = 5*t**2 + 2*t - 89. Let f(a) = -4*i(a) - 7*j(a). What is the units digit of f(21)?
8
Suppose 0 = 3*u - 5*o - 182, 0 = 4*u + 3*o + 2*o - 196. What is the tens digit of 10/(-45) + 6492/u?
2
Let x = 36190 + -19180. What is the units digit of x?
0
Let j = 179 + -176. Suppose j*z - 176 = 88. What is the tens digit of z?
8
Let n(s) be the third derivative of 61*s**6/10 + s**5/60 + 130*s**2. What is the hundreds digit of n(1)?
7
Suppose -4*l + 7*w - 4*w + 90849 = 0, 113563 = 5*l - 2*w. What is the hundreds digit of l?
7
Suppose 7*a - 18331 = 4153. What is the hundreds digit of ((-224)/35 - -7) + a/5?
6
Let z(n) = 7*n + 16. Suppose -5*f = -5*j - 15, 5*j + 12 = 4*f + 2. Let c be z(f). Let b = -35 + c. What is the units digit of b?
6
Suppose -s - 1200 = 7*s. Let i = s + 161. What is the units digit of i?
1
Let f = -1693 - -3143. Suppose 4*y - r = 3*r + 1448, 0 = 4*y - 3*r - f. What is the tens digit of y?
6
Let k(v) = -v**3 - 8*v**2 - 7*v + 27. Let y be k(-6). Let j(g) be the first derivative of -3*g**4/4 + g**3/3 - g**2/2 + 3*g - 6. What is the tens digit of j(y)?
9
Let k(l) = -l**2 - 12*l + 31. Let d be k(-14). Suppose 2*t + 215 = -d*f + 55, -6 = 3*f. Let v = t - -192. What is the tens digit of v?
1
Let c be ((-2)/8*8)/((-2)/15). Suppose c = 4*o - 3097. What is the units digit of o?
8
Let y(d) = 13575*d**2 + d. Let j be y(-1). Suppose -18*m + 7*m + j = 0. What is the tens digit of m?
3
Let n = 22641 - 16152. What is the hundreds digit of n?
4
Let u be 0 - (1 - (-3 - 3*-2)). Suppose -j + u*z + 27 = 0, -90 = -4*j + 3*z + 43. What is the units digit of j?
7
Let s(t) = 208*t**2 - 10*t + 16. Let y be s(2). Suppose -y = -7*a + 208. What is the tens digit of a?
4
What is the ten thousands digit of 166092/3 + (20 - 16 - 6)?
5
What is the thousands digit of 4 - (-155)/(-35) - (-556392)/42?
3
Let r = 1673 + -295. Let u = r - 956. What is the tens digit of u?
2
Let s(r) = -2676*r - 143. What is the tens digit of s(-3)?
8
Let o(g) = -6*g + 80. Let b be o(18). What is the hundreds digit of (b/(-6))/((-10)/(-85))*9?
3
Let u(f) be the third derivative of -7/6*f**3 + 0 + 0*f - 9*f**2 + 13/24*f**4. What is the hundreds digit of u(16)?
2
Let v be (-8)/14*(-34384)/32. Suppose 610 = -3*r + 8*f - 3*f, -3*r - v = -4*f. What is the units digit of 4/(-30) + (-16408)/r?
8
Suppose -3*f + 10 + 5 = 5*o, 0 = 2*f + 4*o - 12. Suppose 11*l - 3*l - 1576 = f. What is the hundreds digit of l?
1
Suppose 212 = -5*g - 63. What is the hundreds digit of (1056/110)/(-1 - 56/g)?
5
Suppose -72*m + 252*m - 4977540 = 0. What is the hundreds digit of m?
6
Let y = 486 + 161. Suppose y*w = 640*w + 3647. What is the units digit of w?
1
Let u(b) = 6*b**3 + 14*b**2 - 4*b + 10. Let z be u(6). Suppose 2*o + 0*o - 4*m = 1192, -3*o + 4*m + z = 0. What is the units digit of o/10 - (4/10)/1?
9
Let o = -101 - -138. Let p = o - 31. Suppose z - 1325 = -5*g + p*z, -250 = -g - 4*z. What is the tens digit of g?
6
Let v(y) = -17*y - 5. Suppose -i - 2*s = 9, 6*i - 8*i = -3*s + 46. What is the units digit of v(i)?
4
Let p be ((-377)/(-87))/(1/1785). Suppose 18*c + p = 31369. What is the hundreds digit of c?
3
Suppose 5 = -4*x + 5*x. Let g(f) be the third derivative of -f**6/120 + f**5/15 + 5*f**4/24 + 3*f**3/2 - 14*f**2. What is the units digit of g(x)?
9
Let i be ((-156)/(-36))/13 + (-19)/3. Let a(w) = -194*w - 101. What is the thousands digit of a(i)?
1
Suppose 638 = -5*s - 352. Let g = s - -71. Let z = g + 267. What is the hundreds digit of z?
1
Let g be 141 - 4*4/8. Suppose -g - 3812 = -3*q. What is the units digit of q/12 + 12/(-16)?
9
Let x = -482 + 482. Suppose x = 16*s + s - 23698. What is the units digit of s?
4
Suppose -106 = 3*f - 3*a + 35, 4*f + 164 = -2*a. Let x = 2368 - 2415. Let h = f - x. What is the units digit of h?
4
Let w(c) = -c + 19. Let l be w(16). Suppose -2*q = l*s - 14, -2*q + 10 = 3*s - q. Suppose -3*z + 9 + 2 = 4*h, -3*h = -4*z - s. What is the units digit of h?
2
Let t(s) = 5*s - 116. Let h be t(24). Suppose 4*k + 4*w - 760 - 976 = 0, k + h*w = 443. What is the hundreds digit of k?
4
Let a = 53 + -65. Let n be (147/6)/7*a. What is the units digit of (4/(-6))/(2 + 88/n)?
7
Let x = 126 - 160. Let l = x + 241. What is the hundreds digit of l?
2
What is the hundreds digit of 38530/(-4)*(-804)/1005?
7
Suppose 35*f - 37*f + 5248 = 0. Suppose w = -3*w + f. What is the hundreds digit of w?
6
Let w = -7824 - -26044. What is the units digit of w?
0
Suppose -3*w - j + 34280 = -94394, -w + 2*j + 42882 = 0. What is the hundreds digit of w?
8
Let i(n) = -48*n + 2026. What is the thousands digit of i(-16)?
2
Let j(x) = 275*x**2 + 71*x - 1055. What is the ten thousands digit of j(14)?
5
Suppose a + u = 5352, -126*u = 2*a - 130*u - 10686. What is the tens digit of a?
4
Let a(f) = -f + 7. Let b(z) = -4*z + 34. Let n(d) = -28*a(d) + 6*b(d). Let o be n(-9). Let t = o - -29. What is the units digit of t?
1
Suppose z - 20 = -4*g, g - 12 = -z - g. Suppose -36 = -4*w + 4*q, -z*q - 2 = -w + 22. Suppose 1064 = w*h + 3*h. What is the units digit of h?
2
Let z be 7 + -1 - (6 + -3). Let o(h) = 9*h - h**3 + 5*h**3 - 5*h**z - h**2 + 3*h**2 + 10. What is the hundreds digit of o(-5)?
1
Suppose -133*z + 70 = -128*z. Suppose -1068 = -z*s + 2*s. What is the units digit of s?
9
Let z(o) = -8*o - 2. Let y be z(-6). Suppose 0 = -4*p + y + 30. Suppose 14*f + 425 = p*f. What is the units digit of f?
5
Let q be 20/6 - 4/(-6). Let k = 1884 - 1882. Suppose -k*t - 56 = -m - q*t, 4*m - 215 = -5*t. What is the units digit of m?
0
Suppose 9220 = r + 1786. What is the tens digit of r?
3
Let w = -6084 - -10889. Suppose 35 + w = 8*v. What is the tens digit of v?
0
Suppose 0 = -10*h - 5228 - 1542. Let b = h + 1429. What is the tens digit of b?
5
Suppose -386*p - 44265 = -401*p. What is the hundreds digit of p?
9
Suppose y - 3*a = -3*y - 103, -4*y + 5*a = 97. Let h = y + 185. Suppose -39 = -w - 5*c, 5*c = w + 2*w - h. What is the tens digit of w?
4
Let y(q) = -2624*q + 3114. What is the tens digit of y(-11)?
7
Let y(u) = -u**2 + 5*u + 1. Let v be y(4). Let w be ((-45)/(-10) - v) + (-465)/(-2). Suppose f - w = -f. What is the units digit of f?
6
Suppose 239*i - 774397 = 629154 - 185368. What is the thousands digit of i?
5
Let b = 1421 - 1014. Let a = b + -210. What is the units digit of a?
7
Let x = 39 - -72. Suppose k = 3 + x. Let m = k + -67. What is the tens digit of m?
4
Let v(g) = 169*g**2 - 308*g + 88. What is the ten thousands digit of v(11)?
1
Suppose 43*v - 16 = 41*v. Let d(y) = 1 - 17*y**2 + 0 + 22*y + y**3 - v - 8. What is the units digit of d(16)?
1
Suppose -7*y + 4*y = -5*i + 14514, -4*i - 3*y + 11622 = 0. Suppose 3*w = -w + i. What is the units digit of w?
6
Let b(d) = d + 590. What is the hundreds digit of b(-86)?
5
Let f = 264 - 258. Suppose 2*o - 587 = 5*t, 0 = f*t - 11*t + 25. What is the hundreds digit of o?
3
Let y = -1252 - -2250. What is the hundreds digit of y?
9
Suppose 1651 = -k - 5*b + 5992, 5*k - 2*b = 21867. What is the thousands digit of k?
4
Let p(q) = 26*q + 1. Suppose -28*h = -25*h - 6. Suppose -h*c = -3*x - 4*c + 28, 3*x = -3*c + 33. What is the tens digit of p(x)?
5
Let n(m) = -5*m**2 - 30*m - 8. Suppose -4*s = 29 - 5. Let f(i) = -14*i**2 - 90*i - 24. Let p(t) = s*f(t) + 17*n(t). What is the tens digit of p(28)?
6
Suppose 109*m - 3*n + 58659 = 112*m, 2*n = -8. What is the units digit of m?
7
What is the units digit of (-8)/18 - (3 - 4)*1041924/108?
7
Suppose 5440681 = 122*z - 2401244 + 1274909. What is the tens digit of z?
2
Let y = 23 + -20. Let q be (y/(-6) - 1)*6. Let w(h) = 2*h**2 + 17*h + 9. What is the tens digit of w(q)?
1
Let a(v) = 31*v - 63*v - 59*v - 4. Let c be a(-2). Let h = c - 37. What is the tens digit of h?
4
Let w(d) = -d**3 + 9*d**2 - 6*d - 13. Let z be w(9). What is the tens digit o